eatest common factor of o and 4?
4
Let y = -8 - -11. Let x be -1*3*(-20)/y. Let r be 28/(-6)*360/(-42). Calculate the greatest common factor of r and x.
20
Let h = -104 - -258. Let o be (132/h)/(2/84). What is the highest common factor of 3 and o?
3
Let n = -2391 - -2494. Calculate the greatest common factor of n and 309.
103
Suppose -12*k = -k - 660. Suppose -3*t = -5 - 31. Calculate the highest common divisor of k and t.
12
Suppose -6*d = -3*d - 432. Calculate the highest common divisor of d and 192.
48
Let u(v) = -8*v - 3. Let w be u(-2). Suppose 8 = -9*z + w*z. Suppose z*x = 2*j + 318, x - 4*j = -7*j + 171. Calculate the greatest common divisor of x and 18.
18
Let f be (-9)/(-63) + (-166)/(-14). Let q = f - 11. Let n be (-1 - (-3 + q))*1. Calculate the greatest common factor of n and 9.
1
Let w = -4 - -8. Suppose -2*j - 3*d - 9 = -3, -j + w*d + 8 = 0. Suppose j = 4*n - 9*n + 385. What is the highest common factor of 7 and n?
7
Suppose -3*n + 6*u - u = 10, 0 = -n + u - 6. Let p = n + 14. Suppose -p*w + 3*v = -88, -5*w + v = -2*w - 66. Calculate the highest common divisor of 11 and w.
11
Suppose -2*v + 16*v = 154. Let o = 9 - -2. Calculate the highest common divisor of o and v.
11
Let i be ((-10)/25)/((-2)/10). Suppose 0 = w - 5*d - 12, w + 2*d = i*w - 12. What is the highest common divisor of w and 30?
6
Let o = 1151 - 887. What is the greatest common divisor of 1144 and o?
88
Let a = 32 + -30. Let v be ((-7)/(-21)*3)/(a/22). Suppose 3*g - 179 = -4*t, -t + 2*g + 26 = -16. Calculate the highest common factor of t and v.
11
Let z(v) = -4*v - 10. Let t = -4 - 3. Let s be z(t). Let o be (0/(-3))/1 - -2. Calculate the highest common factor of o and s.
2
Let g be 6/(-21) - 16/(-7). Suppose -g*d - 4*d + 18 = 0. Let c be (-3)/(d + 0 - 4). Calculate the greatest common factor of c and 18.
3
Let r be 52/(0 - -4) - 4. Let p = r + -5. Calculate the highest common divisor of p and 2.
2
Suppose 24*m - 28*m - 88 = 0. Let f be 0/(8/2) - m. What is the highest common factor of 22 and f?
22
Suppose 4*v = -8 + 60. Suppose 0 = -3*w + w - 2*u + 336, 0 = 2*w + 4*u - 334. What is the highest common divisor of w and v?
13
Let c = 1444 - 772. Calculate the greatest common factor of c and 63.
21
Let k be (-20)/(-3) - 9/(-27). Let u(f) = f**2 - 13*f + 26. Let i be u(12). Calculate the highest common divisor of i and k.
7
Let k = 8 - 12. Let o be -12*(k + (-21)/(-6)). Suppose -504 = -o*r + 2*r. What is the greatest common factor of 18 and r?
18
Let l be 3 - 2 - (-1 - 18). Let y be l + (1 - -2) + -1. Let u(k) = 54*k - 269. Let x be u(6). Calculate the greatest common divisor of x and y.
11
Suppose 2*m - 205 = -5*u + 7*m, -m = -5*u + 201. Calculate the highest common factor of 200 and u.
40
Suppose 0 = f + 2 - 1. Let c be 1/(((-2)/f)/14). Let m = -208 - -236. Calculate the greatest common divisor of c and m.
7
Let r(m) = 16*m**2 + 36*m + 6. Let d(v) = 3*v**2 + 7*v + 1. Let g(f) = -11*d(f) + 2*r(f). Let y be g(-5). What is the greatest common divisor of 3 and y?
1
Let z be (-1634)/(-209) - (-2 - 60/(-33)). What is the highest common divisor of z and 80?
8
Suppose -o - 2 = f, -3*o - 18 = -3*f + 2*f. Suppose 6*j = 3*j, f*j = -y + 2. Let u be ((-1)/y)/(15/(-90)). Calculate the highest common divisor of u and 33.
3
Suppose 0 = 6*j - 5*j - 4*v - 349, 2*v = j - 339. Calculate the highest common factor of 94 and j.
47
Let z = -24 + 9. Let x(s) = -s**3 - 14*s**2 + 14*s + 20. Let y be x(z). Calculate the highest common divisor of y and 5.
5
Suppose -28220 = 218*l - 228*l. Calculate the highest common factor of 17 and l.
17
Suppose 6 + 7 = d. Let u(h) = 9*h**2 + 3*h - 3. Let v be u(2). What is the greatest common factor of d and v?
13
Let k be ((-11)/11)/(1/5). Let a be (-221)/(-85)*(0 - k). Calculate the greatest common divisor of 91 and a.
13
Suppose -2*o = 4 - 148. What is the greatest common factor of 4 and o?
4
Let d(i) = i**2 - 14*i + 10. Suppose 126 = 5*t + 4*t. Let f be d(t). Calculate the greatest common divisor of 30 and f.
10
Let k(w) = -55*w - 130. Let j be k(-3). What is the highest common divisor of j and 30?
5
Let s(m) = 16*m + 6. Let v be s(4). Let y = v + -49. Let w be -3 - 15*((-4)/(-3) + -2). What is the greatest common factor of y and w?
7
Let a = 13 - 9. Suppose -c + 21 + 0 = 3*p, -c + 24 = a*p. What is the highest common factor of 84 and c?
12
Suppose f + 2*f - 30 = 0. Let x(b) = -36*b - 2. Let u be x(-2). What is the greatest common factor of f and u?
10
Let b be 34/8 + (-22)/88. Let j be (-10)/4*14/(-35). What is the highest common divisor of b and j?
1
Suppose 2*n + 3*b = 674, n = 4*n - 2*b - 1024. What is the greatest common divisor of n and 10?
10
Let s = -112 + 153. Suppose -39*a - 84 = -s*a. What is the greatest common factor of 112 and a?
14
Let t(h) = 7 - h**2 - 3 + 0 - 48*h + 71*h. Let p be t(11). What is the greatest common divisor of p and 17?
17
Let u be (-41)/(-2) + (-170)/(-340). What is the highest common divisor of u and 483?
21
Let u(f) = -6*f - 101. Let r be u(-18). Calculate the greatest common divisor of r and 1.
1
Suppose -h - 3*y + 33 = 0, -20*y + 22*y - 38 = -h. Calculate the highest common factor of 528 and h.
48
Let g = 19 + 191. Let h = g + -129. Suppose -4*v = -v - h. Calculate the greatest common factor of v and 216.
27
Let l = 3 - -7. Let i = l - 2. Suppose -42 = -m + i. Calculate the highest common divisor of 20 and m.
10
Let r = -49 + 163. Let n be r/3 + 2/1. What is the highest common divisor of n and 8?
8
Let r(m) = -4*m**2 - m - 7. Let n be r(5). Suppose -2*z + 3*o - 83 = 0, -5*o - 55 = z - 2*o. Let g = z - n. What is the highest common factor of 99 and g?
33
Suppose 12 = u - 2*h, 5*u + 3*h - 42 = 4*h. Let r be 2/(u/196) + -1. Calculate the greatest common factor of 120 and r.
24
Let a = -121 + 276. What is the greatest common factor of 31 and a?
31
Let o be (30 - 0)*48/60. Let a(l) = -l**2 + 23*l + 27. Let x be a(o). Calculate the greatest common divisor of 2 and x.
1
Suppose 8*s = 211 - 3. Calculate the highest common divisor of s and 65.
13
Suppose 5*s + 0*s + 45 = 0. Let j be -3 + (-9)/(-3) - 3. Let p = j - s. What is the highest common factor of 15 and p?
3
Let a(z) = -3*z + 17. Let c(k) = 3*k - 17. Let v(u) = -4*a(u) - 6*c(u). Let o be v(-6). Calculate the highest common factor of 10 and o.
10
Let v(g) = g + 106. Let t be v(11). Calculate the greatest common factor of 13 and t.
13
Suppose 4 = -i, 2*f + 2*f + 5*i = -8. Let q be (-5 - -3) + f - -1. What is the highest common factor of 4 and q?
2
Suppose 4*q + 6 = 5*i - 42, -4*q = 5*i - 32. Calculate the greatest common divisor of 4 and i.
4
Let v(m) = -514*m**3 - 2*m**2 + m. Let o be v(1). Let i = o - -756. Suppose -4*u = -175 - i. What is the highest common divisor of u and 13?
13
Let s = -17 - -31. Suppose -h = -5*i - s, i - 2*i = 5*h - 18. Suppose 0*y - 248 = -3*y - h*f, -2 = -f. What is the highest common factor of y and 32?
16
Let c = -255 + 274. What is the highest common divisor of 95 and c?
19
Let l be 1 - 4 - (-5 + 0). Suppose -l*b + 6*b = 12. What is the greatest common factor of b and 1?
1
Let y = -27 - -27. Suppose 0 = 2*j - 3 - 5, -w - 3*j + 13 = y. Calculate the greatest common divisor of 2 and w.
1
Let j = 12 - 7. Suppose 398 = f + 3*p + 45, -j*p = -2*f + 750. Suppose -5*c - w = -4*w - 360, -5*c + f = -2*w. What is the highest common factor of c and 30?
15
Suppose 5*y = 3*i - 44, i + y - 10 = -2*y. Let f be (-4)/(-6)*(1794/4)/i. What is the highest common divisor of f and 46?
23
Let n = -190 + 241. Calculate the highest common factor of n and 17.
17
Suppose -w - 2*m = -7*m, 0 = 5*w - 4*m. Suppose 4*k - o - 2 = w, -o = k + 3*k - 6. Let s = 19 + k. What is the highest common factor of s and 8?
4
Suppose 4*n - 36 = -24. Calculate the highest common factor of 771 and n.
3
Suppose 0 = 7*w + 1452 - 8214. Let x = w + -602. What is the greatest common factor of 52 and x?
52
Suppose 3*w + 195 + 108 = 0. Let c = w + 149. Suppose t + 3*p - 44 = 0, 3*t + 0*t - 104 = -2*p. What is the highest common divisor of t and c?
16
Let s be (-6)/9*(220 + 11). Let q be (-4)/(-6) + s/(-3) + -3. Calculate the highest common factor of q and 7.
7
Let h be 4 + -4 + (679 - -3). What is the highest common factor of h and 62?
62
Let w be 10/((-100)/(-110)) + 1. What is the highest c